hest common factor of 496 and k.
16
Suppose 4*f + 114 = -2*q, -2*f - 110 = 3*f - 4*q. Let g be 24/(-13) + 4*1/f. Let x be 43 - ((-4)/(-8) - 7/g). What is the greatest common factor of x and 13?
13
Let q = -117 - -119. Suppose -q*u = 9*u - 2112. Calculate the greatest common factor of 12 and u.
12
Suppose -80*g + 97256 + 424154 = -252990. Calculate the greatest common divisor of g and 40.
40
Suppose -35*l + 560 = -49*l. Let b = 24 - 8. Let q = b - l. What is the highest common factor of 7 and q?
7
Let d(b) = 20*b**2 + 10*b + 4. Let j be d(4). What is the highest common divisor of 56 and j?
28
Let m(i) = -2*i**2 + 2*i + 6. Let r be m(3). Let o = 10 + r. Suppose -x + 111 = -o. Calculate the greatest common factor of x and 46.
23
Suppose -s - 211 = -4*p, 218 = 4*p + 50*s - 44*s. What is the highest common factor of p and 2491?
53
Let o be (-21)/(-12) - 1/(-4). Suppose 2*u - 43 = -o*d + 25, 4*u - 2*d = 130. Let p = 2114 + -2048. Calculate the highest common divisor of u and p.
33
Let q(p) = 261*p + 999. Let g be q(12). What is the greatest common divisor of g and 102?
51
Let v be (-1)/(-3) - 74/(-3). Suppose 4*k - 5*k + 2*m = -768, -2*k - 5*m = -1536. Let o = k + -543. Calculate the greatest common factor of o and v.
25
Let z = -67 - -14. Let w = 61 + z. Let s = w - -176. Calculate the greatest common divisor of 46 and s.
46
Suppose -9*u + 67 = -2*u - 521. Calculate the greatest common divisor of 228 and u.
12
Let x be 2/5 + (-312)/(-120). Let f be 18 + 403 + x + -1. What is the highest common factor of f and 47?
47
Let i be (0/7 - 33) + -2. Let n be ((-9)/(252/i))/((-2)/(-112)). What is the highest common factor of 98 and n?
14
Let z be -28*(-4 - 15/(-4)). Let f be ((-1188)/z)/(-6) - (-2)/(-7). What is the greatest common factor of f and 140?
28
Let f = 2609 + -2219. Calculate the highest common factor of f and 234.
78
Let c = 22164 - 21324. What is the highest common factor of 6440 and c?
280
Let g = -14461 + 14506. Calculate the greatest common factor of 3045 and g.
15
Let l = 469 + -231. What is the highest common divisor of l and 70?
14
Let s be 3/(30/(-20)) - (10 - 2)/(-1). Calculate the greatest common divisor of 5718 and s.
6
Suppose -3*y = 3*v - 102, -44 = -y + 4*v - 7*v. Suppose -2*c = 4*a - 186, 2*a - 39 + 294 = 3*c. What is the greatest common divisor of c and y?
29
Let d(j) = 11*j**2 - 3*j + 2. Let k be d(1). Let s be (-5)/k*-40*(-13)/(-4). What is the greatest common divisor of s and 52?
13
Let n be 30/4*(-62)/(-93). Suppose 120 = 3*c - c - n*s, 140 = 2*c + 5*s. What is the greatest common factor of 715 and c?
65
Let k(j) = -j**2 - 22*j - 4. Let p be k(-17). Suppose -2*z + 220 = -5*g, -z - g = -22 - p. Let v = 25 - -17. What is the highest common factor of v and z?
21
Suppose 3*k = 5*a - 83 - 316, 5*a + k - 407 = 0. Suppose -j + a = 71. Suppose 2*q - j*q = -128. What is the highest common divisor of q and 80?
16
Let d be (-1 + 4)/(-1) - -2. Let j be 17298/90 - (0 + d/(-5)). What is the greatest common divisor of 64 and j?
64
Let t = 41 + -27. Suppose 3*l + 9 = 15. Let j be ((-2)/4)/(l/(-108)) + 1. Calculate the greatest common divisor of t and j.
14
Suppose -7*f + 16*f = -7*f + 28496. Calculate the highest common divisor of 13 and f.
13
Suppose d - 50 = -3*l, -275 = -4*d - 5*l + 8*l. What is the highest common divisor of 205 and d?
5
Let t be 6 + (21 - -6296 - 18). What is the highest common divisor of 291 and t?
97
Suppose 15*l = 17*l - 4*x - 68, -3*x = 4*l - 103. What is the highest common factor of 8960 and l?
28
Let v = -858 + 1404. Calculate the highest common divisor of 624 and v.
78
Suppose 0 = -9*n - 17 + 773. Suppose -35*a - 6468 = -n*a. Let r(s) = 87*s**2 + s. Let z be r(1). Calculate the highest common divisor of a and z.
44
Suppose -t - k = -15 - 33, 0 = 4*t + 5*k - 190. Let l be (54/90)/(2/t). Let s(w) = -17*w - 6. Let m be s(-3). Calculate the greatest common divisor of m and l.
15
Let r be ((312/60)/1)/(1/30). Calculate the highest common factor of 288 and r.
12
Let f be 6385/75 - (0 - (-4)/30). Suppose -p = 3*g - f, -g - 441 = -0*p - 5*p. What is the highest common factor of 44 and p?
44
Let d(g) = g**2 + 99*g - 595. Let h be d(-107). Let t = -10 + 19. Calculate the highest common factor of h and t.
9
Let n(c) = c**3 - 5*c**2 - 4*c + 2. Let m be n(6). Let s(x) = 38*x**2 + 5*x - 8. Let z be s(2). What is the greatest common divisor of m and z?
14
Let v(g) = 23*g**2 + 3*g + 4. Let n be v(-4). Let f = 49666 + -49626. What is the highest common divisor of n and f?
40
Suppose -c - 5*i + 140 = 0, -5*c - 2*i + 331 = -277. Suppose 36*n = 41*n - c. Let k = 124 - 68. What is the highest common divisor of n and k?
8
Let a(d) = -5*d - 33. Let h be a(-8). Let z be 2*(h/2 + -1). Let m be 1/((-424)/(-140) + -3). What is the highest common factor of z and m?
5
Let n(a) = a**3 + 18*a**2 - 10*a - 116. Let p be n(-18). Calculate the greatest common divisor of p and 1856.
64
Let w be (1038/(-18) - 7)/(4/(-6)). Suppose 21*g = w + 176. Let p = -31 - -44. What is the greatest common factor of g and p?
13
Suppose -14*n = 10*n + 32*n - 507976. What is the highest common divisor of n and 47?
47
Let j(d) = 40*d - 1. Let w be j(1). Suppose -801 = 40*u - 2693 - 2268. Calculate the highest common factor of u and w.
13
Let p be -1 + (-85)/(-75) - 8228/(-165). Calculate the greatest common divisor of 90 and p.
10
Let o = -365 + 385. Let g be o*(-2)/6*3/(-2). What is the highest common factor of 320 and g?
10
Suppose -4*d = -4*f + 184, 0 = 3*f - 5*f - d + 98. Suppose 109*m - 105*m = -2*t + 342, -m + 75 = -3*t. Calculate the greatest common divisor of m and f.
12
Let c be 7 + (1128 - 228/12). What is the greatest common factor of c and 144?
36
Let i(b) = 17*b**2 - 10*b + 77. Let n be i(7). Calculate the greatest common factor of 240 and n.
120
Let f(m) = -12*m**3 - 4*m**2 - 198*m - 194. Let j be f(-1). Let d be (1 - (-1)/1) + 10. Calculate the highest common factor of d and j.
12
Let p(l) = -31*l - 352. Let r be p(-34). What is the greatest common divisor of r and 108?
54
Let d(k) = -4*k**2 + 252*k + 136. Let s be d(62). What is the highest common divisor of 2208 and s?
96
Suppose 0 = 19*w - 10*w. Suppose -5*s = -k - 2*k - 2135, 5*s + 3*k - 2135 = w. Calculate the highest common divisor of 61 and s.
61
Let o = -190 - -250. Suppose -177*h + 172*h = -o. Calculate the greatest common factor of h and 78.
6
Let n(a) = -a**2 + 4*a + 2. Let v be n(4). Suppose v*r + p + 67 = 0, -3*r + 26 - 109 = -2*p. Let s = r + 97. Calculate the greatest common factor of 44 and s.
22
Let s(y) be the third derivative of y**4/12 + 29*y**3/6 + 12*y**2. Let h be s(-7). Let w be h*(3 - 20/12). What is the greatest common divisor of 8 and w?
4
Suppose 129*i + 470 = 2917 + 18838. What is the highest common divisor of i and 1095?
15
Let r be 43419/15 + (-7)/2*(-76)/665. What is the greatest common factor of r and 15?
15
Let p(f) = -f**2 + 19. Let d be p(-5). Let n(a) = -374*a - 34. Let y be n(d). Let j be 3/2*y/39. What is the highest common divisor of j and 34?
17
Let i be ((-78)/(-4))/(-20 - (-159817)/7990). What is the highest common divisor of 975 and i?
195
Let s = -273 - -277. Suppose -23 = -2*c + g, 5*g - 2*g + s = c. Calculate the highest common factor of 52 and c.
13
Let d = 13 - -22. Let j = -43 + d. Let p be (1 + -5)/j*(0 + 48). Calculate the highest common divisor of p and 24.
24
Let h = 19430 + -18507. Calculate the greatest common factor of h and 637.
13
Let f be -1*1/(4/(-1128)). Suppose -6*m + f = -3*m. Let l(s) = 5*s**2 - s + 5. Let j be l(3). Calculate the highest common factor of m and j.
47
Let s(a) = 3*a + 82. Let k be (-180)/(-120)*(-104)/6. Let d be s(k). Calculate the highest common factor of d and 9.
1
Suppose 0 = -3*h + 18, -h + 9631 = -45*o + 50*o. Calculate the highest common factor of o and 165.
55
Let z(a) = 155*a**2 - a. Let o be -1 - 0 - (3 - 3). Let t be z(o). Suppose -2418973*q = -2419000*q + 324. What is the greatest common factor of t and q?
12
Let j(t) = 21*t - 36*t + 4*t**2 + 13*t - 3 + 6*t**2 + t**3. Let d be j(-5). Let l be 282/24 - (-2)/8. What is the highest common factor of l and d?
12
Suppose 4*j + 18 = -t, 3*j + 25 = -5*t + 3. Let m be (-60)/(-2)*1*t/(-4). What is the highest common divisor of 25 and m?
5
Let f(r) = -115*r - 657. Let